{"id":24291,"date":"2024-01-15T18:17:48","date_gmt":"2024-01-15T17:17:48","guid":{"rendered":"https:\/\/scheme.silabel.net\/?page_id=24291"},"modified":"2024-03-27T22:01:11","modified_gmt":"2024-03-27T21:01:11","slug":"moneta-catullo-villa-mirri-cavriana","status":"publish","type":"page","link":"https:\/\/scheme.silabel.net\/?page_id=24291","title":{"rendered":"Moneta Catullo Villa Mirra Cavriana"},"content":{"rendered":"<p><img fetchpriority=\"high\" decoding=\"async\" class=\"aligncenter size-full wp-image-23602\" src=\"https:\/\/scheme.silabel.net\/wp-content\/uploads\/2023\/11\/Testata-e-footer-moneta-Catullo.png\" alt=\"\" width=\"1300\" height=\"400\" srcset=\"https:\/\/scheme.silabel.net\/wp-content\/uploads\/2023\/11\/Testata-e-footer-moneta-Catullo.png 1300w, https:\/\/scheme.silabel.net\/wp-content\/uploads\/2023\/11\/Testata-e-footer-moneta-Catullo-300x92.png 300w, https:\/\/scheme.silabel.net\/wp-content\/uploads\/2023\/11\/Testata-e-footer-moneta-Catullo-1024x315.png 1024w, https:\/\/scheme.silabel.net\/wp-content\/uploads\/2023\/11\/Testata-e-footer-moneta-Catullo-768x236.png 768w\" sizes=\"(max-width: 706px) 89vw, (max-width: 767px) 82vw, 740px\" \/><\/p>\n<div class=\"wpb_text_column wpb_content_element \">\n<div class=\"wpb_wrapper\">\n<h1 style=\"text-align: center;\"><strong>VILLA MIRRA<\/strong><\/h1>\n<p><img decoding=\"async\" class=\"aligncenter size-full wp-image-12254\" src=\"https:\/\/scheme.silabel.net\/wp-content\/uploads\/2021\/03\/villa-Mirra.jpg\" alt=\"\" width=\"512\" height=\"351\" srcset=\"https:\/\/scheme.silabel.net\/wp-content\/uploads\/2021\/03\/villa-Mirra.jpg 512w, https:\/\/scheme.silabel.net\/wp-content\/uploads\/2021\/03\/villa-Mirra-300x206.jpg 300w\" sizes=\"(max-width: 512px) 100vw, 512px\" \/><\/p>\n<p>Di origini cinquecentesche, fu riedificata nel 1770, sotto la dominazione austriaca, utilizzando i materiali dovuti all&#8217;abbattimento della cinta muraria e del castello.<\/p>\n<p>La villa appartenne alla famiglia Gonzaga di Mantova e Carlo Gonzaga l&#8217;assegn\u00f2 in dote alla figlia Cecilia nel 1479 quando spos\u00f2 il conte Odorico d&#8217;Arco.<\/p>\n<p>Gli austriaci, al comando del maresciallo Dagobert Sigmund von Wurmser, vi insediarono il loro quartier generale durante la battaglia di Castiglione del 5 agosto 1796 contro Napoleone Bonaparte.<\/p>\n<p>Dagli inizi e sino a met\u00e0 dell&#8217;Ottocento l&#8217;edificio pass\u00f2 in propriet\u00e0 ad alcune famiglie nobili mantovane. Dopo la vittoria nella battaglia di Solferino e San Martino il 24 giugno 1859 nella villa si ritrovarono vincitori Napoleone III e il re Vittorio Emanuele II. La villa fu venduta alla famiglia di Mirra Pastore (da cui il nome) nel 1883.<\/p>\n<\/div>\n<p>&nbsp;<\/p>\n<p style=\"text-align: center;\">&nbsp;<\/p>\n<\/div>\n<p><img decoding=\"async\" class=\"aligncenter size-full wp-image-23603\" src=\"https:\/\/scheme.silabel.net\/wp-content\/uploads\/2023\/11\/2-3.png\" alt=\"\" width=\"1300\" height=\"400\" srcset=\"https:\/\/scheme.silabel.net\/wp-content\/uploads\/2023\/11\/2-3.png 1300w, https:\/\/scheme.silabel.net\/wp-content\/uploads\/2023\/11\/2-3-300x92.png 300w, https:\/\/scheme.silabel.net\/wp-content\/uploads\/2023\/11\/2-3-1024x315.png 1024w, https:\/\/scheme.silabel.net\/wp-content\/uploads\/2023\/11\/2-3-768x236.png 768w\" sizes=\"(max-width: 706px) 89vw, (max-width: 767px) 82vw, 740px\" \/><\/p>\n","protected":false},"excerpt":{"rendered":"<p>VILLA MIRRA Di origini cinquecentesche, fu riedificata nel 1770, sotto la dominazione austriaca, utilizzando i materiali dovuti all&#8217;abbattimento della cinta muraria e del castello. La villa appartenne alla famiglia Gonzaga di Mantova e Carlo Gonzaga l&#8217;assegn\u00f2 in dote alla figlia Cecilia nel 1479 quando spos\u00f2 il conte Odorico d&#8217;Arco. Gli austriaci, al comando del maresciallo &hellip; <\/p>\n<p class=\"link-more\"><a href=\"https:\/\/scheme.silabel.net\/?page_id=24291\" class=\"more-link\">Leggi tutto<span class=\"screen-reader-text\"> &#8220;Moneta Catullo Villa Mirra Cavriana&#8221;<\/span><\/a><\/p>\n","protected":false},"author":1,"featured_media":0,"parent":0,"menu_order":0,"comment_status":"closed","ping_status":"closed","template":"","meta":{"ngg_post_thumbnail":0,"footnotes":""},"categories":[],"tags":[],"class_list":["post-24291","page","type-page","status-publish","hentry"],"_links":{"self":[{"href":"https:\/\/scheme.silabel.net\/index.php?rest_route=\/wp\/v2\/pages\/24291","targetHints":{"allow":["GET"]}}],"collection":[{"href":"https:\/\/scheme.silabel.net\/index.php?rest_route=\/wp\/v2\/pages"}],"about":[{"href":"https:\/\/scheme.silabel.net\/index.php?rest_route=\/wp\/v2\/types\/page"}],"author":[{"embeddable":true,"href":"https:\/\/scheme.silabel.net\/index.php?rest_route=\/wp\/v2\/users\/1"}],"replies":[{"embeddable":true,"href":"https:\/\/scheme.silabel.net\/index.php?rest_route=%2Fwp%2Fv2%2Fcomments&post=24291"}],"version-history":[{"count":2,"href":"https:\/\/scheme.silabel.net\/index.php?rest_route=\/wp\/v2\/pages\/24291\/revisions"}],"predecessor-version":[{"id":24993,"href":"https:\/\/scheme.silabel.net\/index.php?rest_route=\/wp\/v2\/pages\/24291\/revisions\/24993"}],"wp:attachment":[{"href":"https:\/\/scheme.silabel.net\/index.php?rest_route=%2Fwp%2Fv2%2Fmedia&parent=24291"}],"wp:term":[{"taxonomy":"category","embeddable":true,"href":"https:\/\/scheme.silabel.net\/index.php?rest_route=%2Fwp%2Fv2%2Fcategories&post=24291"},{"taxonomy":"post_tag","embeddable":true,"href":"https:\/\/scheme.silabel.net\/index.php?rest_route=%2Fwp%2Fv2%2Ftags&post=24291"}],"curies":[{"name":"wp","href":"https:\/\/api.w.org\/{rel}","templated":true}]}}